0*a + j, -2*j + 83 = 5*a. Suppose 0 = s - 0*s - a. Suppose 4*c = 2*c + 100. What is the remainder when c is divided by s?
16
Let d = 59 - 54. Suppose -d*b = -81 - 29. Calculate the remainder when 130 is divided by b.
20
Let b = -899 - -911. Calculate the remainder when 15 is divided by b.
3
Let g = 11 + -6. Suppose g*a = 14 + 6. Suppose -2*c = -3*h - 0*h - 22, -c = a*h. Calculate the remainder when 14 is divided by c.
6
Let m = 262 + -182. Calculate the remainder when 396 is divided by m.
76
Suppose 4*h + 6*k - 164 = 2*k, -219 = -5*h + 2*k. Let d = 75 - h. What is the remainder when d is divided by 17?
15
Let q = -28 + 42. Calculate the remainder when 0 - 92/(-4 + 0) is divided by q.
9
Suppose -6*p + 3 = -15. Let o(a) = a**3 - 4*a**2 + 5*a - 4. Calculate the remainder when 12 is divided by o(p).
0
Let y be 0/((2 - -1)/(-3)). Suppose y = 3*j - 15 - 3. What is the remainder when 20 is divided by j?
2
Let t = 203 - 122. Suppose 2*p = -14 + 28. Suppose -t = -p*x - 18. Calculate the remainder when 42 is divided by x.
6
Suppose 0*t = 5*t. Let v = 11 - t. Let u = v - -3. Calculate the remainder when 67 is divided by u.
11
Let q be -7*((-33)/(-7) - 5). Suppose -10 = -q*i - 4*u + 36, 3*i + u - 59 = 0. What is the remainder when 74 is divided by i?
17
Let k = 13 + -6. Calculate the remainder when (-34)/(-5 - -3)*1 is divided by k.
3
Suppose -8*y - 13*y = -420. Calculate the remainder when y is divided by 4.
0
Let g = 2222 - 2216. Calculate the remainder when 9 is divided by g.
3
What is the remainder when (3 - 0)*((-15090)/(-45) + -16) is divided by 80?
78
Let o(v) = -v**2 + 7*v + 180. Calculate the remainder when 182 is divided by o(15).
2
Let l(x) = -x**3 + 5*x - 1. Let c(i) = i**3 - 15*i**2 - 17*i + 24. Calculate the remainder when l(-3) is divided by c(16).
3
Let i(b) = -b**3 - 3*b**2 + 16*b. What is the remainder when 237 is divided by i(-6)?
9
Suppose 29 - 5 = 8*q. Suppose 4*y - y - 3*v - 231 = 0, -q*v + 280 = 4*y. What is the remainder when y is divided by 19?
16
Let d = -123 - -191. What is the remainder when d is divided by 2?
0
Let o = 51 + -113. Let y = 122 + o. Calculate the remainder when y is divided by 21.
18
Let s(b) = 3*b**2 + 7*b + 6. Let l(y) = 4*y + 20. Let n be l(-6). What is the remainder when s(n) is divided by 14?
12
Suppose -4416 = -42*s + 456. Let n(g) = 5*g. What is the remainder when s is divided by n(6)?
26
Let l = -559 + 591. Let j = 176 + -17. Calculate the remainder when j is divided by l.
31
Suppose 0 = -112*j + 109*j + 36. Calculate the remainder when 382 is divided by j.
10
Let l(k) = 9*k - 23. Suppose -g - 2*b - 8 = 2*b, -3*g - 5*b - 3 = 0. Calculate the remainder when 24 is divided by l(g).
11
Let v = -2 + 10. Suppose -2*l = -5*w + 130, -4 + 3 = w + 5*l. What is the remainder when w is divided by 53/4 - 2/v?
11
Let k(l) = -71*l**3 - 2*l**2 - 6*l - 4. What is the remainder when k(-1) is divided by 25?
21
Let w(a) be the first derivative of a**2/2 - 9*a - 7. Let x be w(11). Calculate the remainder when 6 is divided by 0 - x/(8/(-12)).
0
Suppose -3*f = -2*f + 2. Let u(m) = 8*m**2 - 2*m - 1. What is the remainder when u(f) is divided by 12?
11
Let n(a) = -54*a - 412. What is the remainder when 68 is divided by n(-8)?
8
Let k(f) = 2*f**3 - 5*f**2 + 2*f - 5. Let v be (-2 - (-4 + -1)) + 1. What is the remainder when k(v) is divided by 27?
24
Let n(i) = 6*i**2 + 3*i + 2. What is the remainder when 39 is divided by n(-1)?
4
Let k(v) = -18*v**2 + 2*v - 11. Let t be k(-4). Let s = -151 - t. Suppose -12*r + 9*r = -s. Calculate the remainder when r is divided by 14.
10
Suppose -4*d + 0 - 12 = 0, -3*d = -4*y - 47. Let x = y - -57. Let b = 77 - x. Calculate the remainder when b is divided by 6.
4
Let s(z) = -11*z**3 - z**2 - 2*z - 1. Suppose 3*a + 2*p + 0*p = 14, -5*a + 14 = p. Suppose -a*x = 2*x + 4. What is the remainder when 30 is divided by s(x)?
8
Let j = 18 - 15. Suppose -j*o = -2*c + 13, c - 5*o + 0 = -4. Suppose 2*f - 2*r = 8, r + 3*r = 3*f - c. Calculate the remainder when f is divided by 2.
1
Let q = -909 + 592. Calculate the remainder when 42/(-189) + q/(-9) is divided by 6.
5
Suppose h - 25 = -4*h - 2*f, -3*h + 4*f + 15 = 0. Suppose 0 = h*k - 0*k - 45. Calculate the remainder when 34 is divided by k.
7
Suppose -4*y + 792 = -4. Let d(m) = 15*m + 205. What is the remainder when y is divided by d(-11)?
39
Let a = 1147 + -1098. What is the remainder when 93 is divided by a?
44
Suppose 62*g = -2339 + 5849 + 3682. Suppose -p + 17 + 13 = 0. What is the remainder when g is divided by p?
26
Suppose -3*k + j - 149 = -391, -5*k + 2*j = -402. Calculate the remainder when k is divided by 79.
3
Let n(w) = w**3 - 11*w**2 - 11*w + 13. Let i be n(11). Let h = i - -126. Calculate the remainder when ((-120)/9 + 2)*-3 is divided by h.
16
Let y(k) = k**2 - 24*k - 67. What is the remainder when 3*(25 + (-3 - -1)) is divided by y(27)?
13
Let x = -42 - -71. Suppose -350 = -x*o + 24*o. What is the remainder when o is divided by 6?
4
Suppose 0*k = -6*k + 3336. Suppose 0*b - 4*b = -k. Calculate the remainder when b is divided by (-3 - -5 - 3) + 36.
34
Suppose 5*b + 11 = -5*a + 106, -a = 2. Let f be (-3 - 0)*(3 + 50/(-15)). Calculate the remainder when b is divided by f + -1 + (-7)/(14/(-24)).
9
Let v = -235 + 250. Calculate the remainder when 53 is divided by v.
8
Suppose -4*d + 32 = 4*m, -4*d = 2*m + 3*m - 36. Suppose l + d*l - 35 = 0. What is the remainder when 25 is divided by l?
4
Let j = 1663 - 1607. Let i be (1 - -1)*25 - -1. Suppose -5*p + i + 24 = 0. Calculate the remainder when j is divided by p.
11
Suppose -4*d + 34 = -5*k - 181, -3*d - 2*k = -144. What is the remainder when 78 is divided by d?
28
Let o(n) = -n**2 - 7*n + 43. What is the remainder when o(-10) is divided by 8?
5
Let o(v) = 2*v**2 + 8*v + 3 - 2 - v**2 - 5. Let x be o(-9). Suppose x*n - 25 = 220. Calculate the remainder when n is divided by 25.
24
What is the remainder when ((-2)/2)/((-16)/1488) + 1 is divided by 40?
14
Let s(h) = -4*h - 56. Suppose 31 = 5*b - 74. Calculate the remainder when b is divided by s(-15).
1
Suppose -4*f + 100 = 4*i, -5*f + 19 - 2 = i. Let b = i + -8. What is the remainder when b is divided by 11?
8
Let r = 4 + -1. Suppose -r*u - 40 = -j - 6, 5*j - 146 = 3*u. Suppose -7*d + j = -5*d. Calculate the remainder when 26 is divided by d.
12
Suppose 0 = -3*z + 4 - 7, 3*q - 4*z - 241 = 0. Calculate the remainder when q is divided by 12.
7
What is the remainder when -10 + 240/25 - (-5267)/5 is divided by 34?
33
Let l = 433 - 276. Suppose -5*w = -2*s - 3*w + 58, -5*s = w - l. Calculate the remainder when s is divided by 17.
14
Let d(k) = -k**3 - 14*k**2 + 7*k - 33. Let q = 15 - -7. What is the remainder when d(-15) is divided by q?
21
Let m = -89 + 89. Suppose -4*q - z = 4*z - 80, m = -5*q + 4*z + 59. What is the remainder when 57 is divided by q?
12
Let k(s) = s**3 + 11*s**2 + 22*s - 15. Let n be k(-8). Calculate the remainder when 2/5 - n/((-30)/1638) is divided by -21*(-2 - 4/(-3)).
13
Let c be (-9)/11 - (-5)/(110/(-4)). Calculate the remainder when 95 is divided by -36*-3*c/(-9).
11
Calculate the remainder when (-22)/(-88) - 1483/(-4) is divided by 17.
14
Let y(n) = n. Let g be y(0). Suppose g = -l - l. Suppose l*o - 335 = -5*o. Calculate the remainder when o is divided by 17.
16
Let s be (-25)/(-2)*12/(-15). Let m = 21 + s. What is the remainder when (-344)/12*3/(-2) is divided by m?
10
Let f = -3 + 3. Suppose -4*m + 23 = -20*g + 23*g, f = 3*m + 2*g - 18. Calculate the remainder when 15 is divided by m.
7
Suppose 6*p - 42 = 3*p. Let q = 7 + -10. Let c = 2 - q. Calculate the remainder when p is divided by c.
4
Let t = 298 + -277. What is the remainder when 229 is divided by t?
19
Let i(b) = 3*b**3 - 1. Calculate the remainder when 160 is divided by i(2).
22
Suppose -j = -2*j, 4*a - 5*j = 60. What is the remainder when 22 is divided by a + (-7 - -3 - -1)?
10
Let u = 8 - 4. Suppose -4*h + 68 - 48 = 0. What is the remainder when h is divided by u?
1
Let j(i) = 14*i**2 + 13*i - 27. What is the remainder when j(3) is divided by 34?
2
Let r = -2 + 5. Suppose 24 = -r*n + 84. What is the remainder when n is divided by 12*(4/(-20))/(2/(-5))?
2
Let g = -82 + 155. What is the remainder when g is divided by 32?
9
Suppose 2*k - 12 = -k, 0 = 3*z + 2*k - 23. Sup